*m + 584 = 6*m. Let g = 229 + p. What is the tens digit of g?
8
Let b(j) = -3*j**2 + 3*j + 829. What is the hundreds digit of b(0)?
8
Suppose -2*d - 4 = -10. Suppose 15 = d*i - 24. Let v = i + 3. What is the units digit of v?
6
Let c(h) = -h**2 + 0 + 17*h + 9*h - 2 + 3. What is the units digit of c(18)?
5
Suppose 0 = 4*y + 5 + 7. Let x(j) = -j**2 - 3*j + 4. Let p be x(y). Suppose -106 + 10 = -p*z. What is the units digit of z?
4
Suppose 62*g - 37*g = 8400. What is the tens digit of g?
3
Let h(y) = 60*y + 110. What is the units digit of h(8)?
0
Let j(d) = -d**3 + 9*d**2 + 2. Let n be j(9). Let y = -2 + 9. Suppose -51 = -n*p - y. What is the units digit of p?
2
Suppose 4*j + 2*z - 58 = 0, 3*j - 3*z - z - 16 = 0. Let k = j + -5. Let x(t) = 10*t + 3. What is the tens digit of x(k)?
7
Suppose p + 7 = 3. Let u = 0 - p. What is the units digit of u?
4
Let f = 29 + 827. What is the hundreds digit of f?
8
Suppose 5*d = -p + 2706, 0 = -4*p + 2*d + 1009 + 9705. What is the units digit of p?
1
Suppose -6*x + 10*x = -4*r + 3140, 5*x - 20 = 0. What is the tens digit of r?
8
Suppose -41 = 2*m + 5*l - 12, 28 = -4*m - 4*l. Let h(f) be the first derivative of -27*f**2/2 - 3*f - 2. What is the units digit of h(m)?
1
Let t(j) = 41*j + 98. What is the hundreds digit of t(7)?
3
Let r be 3/6 + (-219)/(-2). What is the tens digit of (-5)/(-1)*1716/r?
7
Suppose g = -0*g, 0 = -a - 5*g - 49. What is the units digit of (-2 - a) + -1 + (-1 - 1)?
4
Let z(p) be the first derivative of p**4/4 - 4*p**3 + 6*p**2 - 8*p + 6. Let c be z(11). Suppose 0 = c*v - 91 + 1. What is the tens digit of v?
3
Suppose 2*u - 7*u = -2*m + 65, 4*m + 3*u = 169. What is the tens digit of m?
4
Let g = 1127 + -261. What is the hundreds digit of g?
8
Let d(k) = 4*k - 7. Let y(t) = -3*t + 7. Let j(n) = -4*d(n) - 5*y(n). Let i be j(-7). What is the units digit of -3*(34/(-6) + i)?
7
What is the hundreds digit of ((-207)/(-36) + -9)/(2/(-192))?
3
Let m(w) = -8*w**3 + 2*w**2 - w + 3. Let n be m(-3). Suppose -3*h + 4*y + 152 = 0, 4*h = -0*h - 4*y + n. What is the units digit of h?
6
What is the thousands digit of (44 - 40)*(349 - -1)?
1
Let l be 3 - 0*2*(-4)/16. Suppose -20 = l*n + 4*u - 170, n + 3*u = 45. What is the units digit of n?
4
Let f = 554 + -382. Suppose -2*y - f = -6*y. What is the units digit of y?
3
Suppose 0 = 3*y - 237 - 54. What is the tens digit of y?
9
Let y(i) = i**2 + 2*i + 2. Let x be y(-6). What is the units digit of (-3260)/(-65) + 2 + (-56)/x?
0
Suppose -2*p - 59 = -23. Let a = -2 + p. Let x = a - -27. What is the units digit of x?
7
Let m be ((-3)/(-4))/((-3)/12). What is the hundreds digit of m - ((-1)/1 - 2 - 329)?
3
Suppose -4*w + 10*w - 18 = 0. Suppose -245 = -w*x + 232. What is the tens digit of x?
5
Let h(f) = -f**2 + 9*f + 7. Let l be h(9). Suppose -15 = -l*u + 2*u. Suppose -3*g + 6*g + 87 = 3*z, u*z - 82 = -2*g. What is the units digit of z?
8
Let v be 120/21 + 22/77. Suppose -5*g - 57 = -v*g. What is the units digit of g?
7
What is the tens digit of ((-556)/(-10) - 0)/((-4)/(-60))?
3
Suppose -3*x = 4*p - 7, 2*p + 4*x = 9 + 7. What is the units digit of 305*((-2)/5)/p?
1
Suppose -4*o + 20 + 28 = 0. Let c be (-10 - -19)/(((-6)/16)/(-1)). Suppose -o = 4*x, -3*q + x + 57 = -c. What is the tens digit of q?
2
Let k be 1/(-4) + 329/(-28). Let b be (-49)/(-3) + 4/k. Suppose m - 5*m = -b, -5*m + 220 = 4*j. What is the tens digit of j?
5
Suppose -5*g = -160 + 40. What is the tens digit of g?
2
Let a(u) = u**2 - 5*u**2 + u**3 - u**2 + 5 - 2*u**2. Suppose 60 = 11*q - 17. What is the units digit of a(q)?
5
Suppose -s = 4*s - d - 375, 5*d + 99 = s. Let f = s - -20. What is the tens digit of f?
9
Suppose -8*o - 160 + 5016 = 0. What is the tens digit of o?
0
Suppose 16*x - 10 = 14*x. Let l be (2/(-4))/(x/(-40)). Let j = l + -3. What is the units digit of j?
1
Suppose 3*v - 17 = -5. Suppose -5*o + 3*o = v*j - 112, 308 = 5*o + 3*j. Let y = o + -37. What is the tens digit of y?
2
Suppose -27*x + 3*h - 6680 = -29*x, 5*x - 16662 = 2*h. What is the hundreds digit of x?
3
What is the units digit of 21/14 + (-2018)/(-4)?
6
Suppose -24*s - 1386 = -30*s. What is the hundreds digit of s?
2
Suppose 43*f + 160248 = 76*f. What is the tens digit of f?
5
Let d = 1519 - 1023. What is the hundreds digit of d?
4
Let k be ((29 - -3)/(-4))/(2/(-96)). Suppose 2*p - k = -2*s + p, -3*p + 960 = 5*s. What is the tens digit of s?
9
Let z be 3 + (3 - (-2)/(-1)). Suppose -z*o = -9 + 1. Suppose 2*c = -o*i + 122, i + 86 + 36 = 2*c. What is the tens digit of c?
6
Let u be (8/12)/(2/27). Suppose -4*n = -u*n - j + 238, -j = 2. What is the tens digit of n?
4
Let b(r) = 11*r**2 - 2*r - 13. What is the units digit of b(4)?
5
Let t be (((-24)/(-2))/4)/1. Suppose 5*j - 316 = -2*z, t*z - 3 = 2*z. Suppose 0 = 3*q - 3*y - 69, -4*q + 35 + j = -5*y. What is the tens digit of q?
1
Let i(v) = 15*v**2 - 6*v - 3. Suppose 14*g = 11*g - 6. What is the units digit of i(g)?
9
Let j be (-22)/77*7/(-2). What is the units digit of 3/(0 - j/(-13))?
9
Let a be -3*5/15 - 0/(-3). What is the units digit of (0 + (0 - a))*113?
3
Let v(q) = -4*q**2 - 13*q + 303. Let n(g) = -3*g**2 - 9*g + 202. Let b(f) = -7*n(f) + 5*v(f). What is the tens digit of b(0)?
0
Let p = -434 + 784. Suppose -7*m + p = -0*m. What is the units digit of m?
0
Let g = 389 + -131. What is the tens digit of g?
5
Let r(c) = -5*c - 19. Let u(s) = 6*s + 19. Let z(i) = -5*r(i) - 4*u(i). What is the units digit of z(15)?
4
Suppose -5 = 4*h - 153. Suppose 2*u = 4*g + 132, 2*g - 9 = -u + h. What is the units digit of u?
6
Let v be 18*4/((-4)/(-3)). Let h = 78 + v. What is the hundreds digit of h?
1
Let s = 1022 - 230. What is the units digit of s?
2
Let t be (-50)/(-6) - 6/18. Let a be t/(-3)*(-3)/2. Let m = a + 17. What is the units digit of m?
1
Suppose -18*d - 18*d = -60048. What is the units digit of d?
8
Suppose -16870 = -5*c + 5*g, 16*c - 3*g = 11*c + 16880. What is the hundreds digit of c?
3
Suppose -9*n = -7*n - 2. Let m be -4*((-171)/12)/n. What is the tens digit of 1/2 - m/(-2)?
2
Suppose -4*t + 5*s = -34, 1 = t - 7*s + 2*s. Suppose h - 2*h + t = 0. What is the units digit of h?
1
Let n(f) = -f**3 - f**2 + 3*f + 12. Let r be n(-7). Suppose -r = -6*y + y. What is the units digit of y?
7
Let b(d) = d**3 - 16*d**2 + 8*d + 12. Let u be b(16). What is the tens digit of 7*4*u/40?
9
Let k(i) = i**2 - 2*i - 23. Let z be k(7). Let l(u) = u**3 - 10*u**2 - 23*u + 12. What is the units digit of l(z)?
4
Suppose 669 = s - 202. What is the units digit of s?
1
Let h = 53 + -148. Let m = 138 + h. What is the tens digit of m?
4
Let m = -527 + 315. Let b = m - -302. Let y = b + -47. What is the units digit of y?
3
Suppose -3*t + 8 = -4. What is the units digit of 48 + 6/(-2) - (2 - t)?
7
Suppose 0 = -374*u + 385*u - 34144. What is the units digit of u?
4
Let z(n) = 160*n + 237. What is the thousands digit of z(11)?
1
Let c(l) = 35*l**2. Suppose 2*n + 45 = 41. What is the units digit of c(n)?
0
Let d(u) = 3*u - 6. Let k be d(3). Suppose 605 = 2*z + k*z. What is the hundreds digit of z?
1
What is the tens digit of ((-244)/16 + 13)*(-4936)/6?
5
Let j = -13 - -4. Suppose d + 2*d = -5*c + 151, -c + 53 = d. Let l = d - j. What is the units digit of l?
6
Let t = 172 - -2576. What is the units digit of t?
8
Let a(r) = -27*r**3 - 3*r**2 + 9*r - 6. Let u(d) = 18*d**3 + 2*d**2 - 6*d + 4. Let x(n) = 5*a(n) + 8*u(n). What is the units digit of x(1)?
9
Let h = 2148 - 1255. What is the tens digit of h?
9
Let g be (16 - 18) + (3*6)/2. Suppose -10 = 5*l, -2 = -i - 3*l + g. What is the tens digit of i?
1
Let v be 3 - (54/(-2) + 3). Suppose v = 2*g + 2*f - 13, 0 = 3*g - 3*f - 30. What is the units digit of g?
5
Let s be 138*8/12 - 2. Let v = s - 7. What is the tens digit of v?
8
Suppose -4*m + 7*m = 2*t - 49, -3*t = 5*m + 88. Suppose -3*b - 155 = 5*l + b, -b = -5*l - 180. Let c = m - l. What is the tens digit of c?
1
Let u be (-1)/3 + (-1)/(-3). Let v(c) = c**2 - 10*c + 12. Let o be v(9). Suppose u = 5*q - o*q - 10. What is the units digit of q?
5
What is the units digit of (86/(-7))/(19/(-266))?
2
Let g(z) = 2*z**2 - 11*z - 7. Let n be g(6). What is the hundreds digit of (39*4 + -1)*n/(-1)?
1
Let c(p) = p**3 + p**2 - 3*p + 2. Suppose 5*k + 22 = -m, 16 = -0*m - 3*m - 5*k. What is the units digit of c(m)?
9
W